 derivative of j**5/60 - j**4/12 - j**3/2 - 19*j**2. Give f(4).
5
Let a(g) = 0*g - 1 - g + 0. Let x be 3 + 4*5/(-5). Determine a(x).
0
Let n(d) be the third derivative of 1/120*d**6 + 3*d**2 + 0*d + 1/15*d**5 + 1/6*d**4 + 1/6*d**3 + 0. Determine n(-3).
-2
Let f(v) = -v**2 + 3. Let x be -2 + (-696)/(-136) - 2/17. Determine f(x).
-6
Let d(f) = -3*f + 0*f**2 + 3 - f**2 + 4*f. Suppose 5*h = -3*n + 3, 3*h - 2*n - 13 = -n. Give d(h).
-3
Let d(b) = -2*b. Let t(q) = -q**2 + 9*q - 8. Let f be t(9). Let j be 1 + 0 - f/4. Calculate d(j).
-6
Let u(x) = x**3 + 3*x**2 - 3*x + 2. Let f(j) = 2*j**3 + 3*j**2 - 4*j + 3. Let i(r) = -3*f(r) + 4*u(r). Calculate i(2).
-5
Let v(s) = -s**2 - 6*s. Suppose 3*i + 1 = 22. Suppose 2*p + 17 = i. Calculate v(p).
5
Let m(q) = -3*q - 2*q**2 + 3*q**2 - 2*q**2 - 9 + 4*q. Let d = 4 + -4. Let t = d + 0. Determine m(t).
-9
Let v(l) = -l + 1. Suppose 5*g - 5 = -0*g. Let b be g/(-4) + (-85)/(-20). Give v(b).
-3
Let k(r) be the first derivative of -r**2/2 + 2*r - 11. Give k(3).
-1
Let u(r) = 25*r**3 - 2*r**2 - 5*r. Let x(s) = 13*s**3 - s**2 - 3*s. Let p(g) = 3*u(g) - 5*x(g). Give p(-1).
-11
Let k(b) = 29*b**2 - 14*b + 3. Let a(j) = 10*j**2 - 5*j + 1. Let i(t) = 8*a(t) - 3*k(t). Suppose 4*v - 3 = v. Calculate i(v).
-6
Let x(j) be the third derivative of -j**4/24 + j**3/6 - 4*j**2. What is x(-5)?
6
Let b(s) = s**2 + 2. Let n(a) = 4. Let t(y) = 1. Let w(l) = n(l) - 3*t(l). Let k = 4 - -1. Let i(d) = k*w(d) - 3*b(d). Calculate i(1).
-4
Let b(g) = -g - 3. Suppose 0 = -2*q - q - 9. Determine b(q).
0
Let b(u) be the second derivative of -u**4/12 - 3*u**3/2 - 9*u**2/2 + 16*u. Determine b(-8).
-1
Let u(i) = -2*i**2 - 3 - 8*i + 3*i**2 + 7*i. Calculate u(0).
-3
Let x(a) = 4*a - 1. Suppose 0 = -5*l + 6 + 4. Suppose -2 = -l*h + 4*h. Determine x(h).
-5
Let i(q) = -4*q**3 + q**2 - q - 1. Suppose 2*s + k = -k + 6, 0 = -5*k. Suppose -s = t + 2*t. What is i(t)?
5
Suppose -m = 0, 2*z - 24 = m - 4. Let x = z - 9. Let h(s) = -x - 9*s + 7*s + 4*s. Determine h(4).
7
Let r(u) = u**3 - u**2 + 1. Let s(c) = 4*c**3 - 5*c**2 + 5. Let w(i) = 5*r(i) - s(i). Let n be (1/3)/(2/30). Suppose n*z + 4 + 1 = 0. Give w(z).
-1
Let w(m) be the first derivative of m**7/840 - m**6/180 + m**5/60 - m**4/24 - m**3 + 3. Let d(n) be the third derivative of w(n). Calculate d(1).
0
Let q(w) = w**2 + 3*w + 4. Let f(p) = p**2 + 2*p + 5. Let i(n) = -3*f(n) + 4*q(n). Determine i(-6).
1
Let v(t) = 2*t - 3. Let s(c) = 3*c - 5. Let i(z) = 3*s(z) - 5*v(z). Let x be 8*(-2)/(-8)*2. Determine i(x).
-4
Let n(i) = 2*i**2. Suppose 10 = -l + 3*g, -2*g + 10 = -3*l + 2*g. Calculate n(l).
8
Let i(r) = r**2 - 3*r - 6. Let b = 0 + 0. Let v be (10 + -1 - b)*-1. Let f be 1/(-1) - (v + 3). Give i(f).
4
Let z(c) = 5*c**2 - 1. Let l(q) be the third derivative of q**4/12 - q**3/3 + q**2. Let k be l(3). Suppose -h - 5 = -k. Calculate z(h).
4
Let n(b) = 3 - b + 8*b - b**2 + 0*b - 4. Calculate n(6).
5
Let z = 13 - 10. Let r(t) = t**3 - 3*t**2 + 4*t - 4. What is r(z)?
8
Suppose -3*w + 2*a - 24 = -0*w, -3*w = -3*a + 24. Let d(x) = -x**2 - 10*x - 1. What is d(w)?
15
Let w(t) = -t**3 + 7*t**2 - t - 10. Let x be (28/8)/((-1)/(-2)). Determine w(x).
-17
Let z be 4 - 38/7 - 6/(-14). Let n(x) = 6*x. Determine n(z).
-6
Let x(a) = a**3 - 2*a**2 - 3*a + 2. Let g(y) = 5*y**2 - 12*y + 15. Let n(z) = 2*z**2 - 6*z + 7. Let c(f) = 3*g(f) - 7*n(f). Let s be c(-7). Calculate x(s).
2
Let d(y) = -y - 8. Let q be d(-9). Let p = 0 - -2. Let u(i) = 0*i**2 + 4*i**3 - p*i - 2*i**2 + 3*i. Calculate u(q).
3
Let t(l) = l**2 - 9*l - 9. Let c be t(10). Let b(s) = -2*s**3 - s**2 + s - 1. Calculate b(c).
-3
Let h(x) = 3*x**3 + 2*x**2 + 17*x - 8. Let f(y) = 2*y**3 + y**2 + 11*y - 5. Let s(g) = 8*f(g) - 5*h(g). Calculate s(2).
6
Let j(p) = -p**3 + p**2 - p + 2. Let y be j(2). Let v(k) = -4*k**2 - 3*k - 2*k**2 + 5*k**2. Determine v(y).
-4
Let i(n) be the second derivative of n**3/6 - n**2 + 5*n. Calculate i(2).
0
Suppose 3*n - 6*n = 33. Let b = n + 9. Let w(x) = -x**3 - 2*x - 3. What is w(b)?
9
Let l(v) be the first derivative of -v**3/3 + v**2 + 5*v - 5. Calculate l(5).
-10
Let x(s) = -s**2 - 8*s - 10. Suppose 57 = -13*w - 34. What is x(w)?
-3
Let k be 6/(-9)*6/4. Let h = -3 - k. Let f(q) be the third derivative of -q**6/60 - q**5/15 - q**4/12 + q**3/6 + 3*q**2. Determine f(h).
5
Let b(r) = r**3 + 7*r**2 + r + 2. Let q = -23 - -16. Calculate b(q).
-5
Let q(k) = -k**2 + 6*k + 1. Suppose 5*d + 0*y = y - 6, 3*y = 4*d - 4. Let a be d/(-1)*(-45)/(-18). Calculate q(a).
6
Let g(o) be the third derivative of o**6/120 - o**5/10 - o**4/4 - 4*o**3/3 + 2*o**2. Give g(7).
-1
Let i(g) = 2*g + 4. Let m(w) = -4*w - 9. Let q(l) = 5*i(l) + 2*m(l). Calculate q(2).
6
Let i(m) = -m**3 + 5*m**2 + 7*m. Let l = -17 - -23. Give i(l).
6
Let s(c) = 0 - c + 4 - 5 - 1. Calculate s(-6).
4
Let q be -4 - (-4 + 4 + -1). Let p(o) = -o**3 + 4*o + 3. Let h(w) = -3*w + 3*w - 3*w - 2. Let k(u) = q*h(u) - 2*p(u). What is k(1)?
3
Let c(a) = a**3 + 2*a**2 + 3*a + 4. Let r(n) = 6*n**3 + 11*n**2 + 16*n + 21. Let k(l) = -11*c(l) + 2*r(l). Determine k(2).
4
Let d(g) = 2 + 0*g**2 - 2 + 10*g**2 + 1. Suppose -f + o + 17 = -3*o, -4*f - 4*o - 12 = 0. What is d(f)?
11
Let d(n) be the third derivative of -n**4/8 - n**3/2 + 19*n**2. Determine d(-3).
6
Let x(a) be the second derivative of a**4/12 + 5*a**3/6 + a**2 - 3*a. Let r be x(-4). Let i(p) = 1 - 1 - 3*p + 1. Calculate i(r).
7
Let m(l) = l**2 + 6*l + 5. Suppose 0 = -5*n - 5*j - 80, 4 = 3*j - 5. Let p = 15 + n. Give m(p).
-3
Let w(d) = -3*d + d**2 - d - 3933 + 3925. What is w(6)?
4
Suppose -4*y + 2*y + 6 = 0. Suppose 4*r - 20 = 0, y*j + 2*r = -j + 10. Let a(u) = -34 - u**2 + u + 34. Give a(j).
0
Let o(x) = -11 - 4 + 3 + 10*x. Let z(c) = -c + 1. Suppose 4*i = 7 + 1. Let k(v) = i*o(v) + 22*z(v). Determine k(-5).
8
Suppose 4*p + 21 = k - 0, -3*p = 12. Suppose 0 = k*w - 23 + 8. Let d(t) = t - 2. What is d(w)?
1
Suppose -o + 6*o = 0, 3*o + 5 = 5*j. Let i = -1 + j. Let m(s) = -5*s + 5*s**2 + i*s**2 + 3 - 2*s**2 - 2*s**2. Determine m(2).
-3
Let u(k) = -2*k**2 + 651 + k - 651. Suppose 1 - 7 = -3*c. What is u(c)?
-6
Let c = 2 - -5. Let o(q) = -4 - 2*q - c + 5. Give o(-4).
2
Let t = 9 - 4. Suppose 2*k = 5*v - v + 6, -2*v - 24 = -4*k. Let m(i) = -t*i + k*i + 4*i. Determine m(-1).
-6
Let d(g) = 2*g - 3. Let k be d(4). Let h(j) = -k - 11*j**2 + 5*j**2 + 2*j + 6. Suppose 2*q - 4*q = 2. Give h(q).
-7
Suppose 3*n + 3*t = 0, 3*n - 5*t = -0*t + 40. Let q(d) be the second derivative of d**5/20 - 5*d**4/12 + d**3/3 - 4*d. Calculate q(n).
10
Suppose 3*l = j + 57, 0 = l - j - 4 - 13. Suppose -2*y + 2*o - l = -0*y, -4*o + 35 = -3*y. Let c(m) = m**3 + 5*m**2 + 7. Calculate c(y).
7
Suppose 4*j + 12 + 19 = 5*p, p + 2*j = -5. Let u(b) be the first derivative of -6*b - p + 1/3*b**3 - 3/2*b**2. Give u(5).
4
Let l(i) = i**2 + i - 7. Let t(m) be the third derivative of -m**4/24 + 2*m**3 + 3*m**2. Let z be t(7). Suppose 0*y = z*y. Determine l(y).
-7
Let v(j) = 2*j + 0 + 0 + 6*j**2 + 4 + j**3 + 1. What is v(-5)?
20
Suppose 3*g + 3 = 2*s, -1 + 3 = -2*g - s. Let j(h) = 15*h + 5. Let n(o) = 7*o + 2. Let i(x) = -3*j(x) + 7*n(x). Determine i(g).
-5
Let w(m) = 3 - 4 - 1 - 4*m + 1. Let f(n) = -n + 1. Let b(y) = 3*f(y) - w(y). Determine b(-5).
-1
Let w(a) = a**3 - a**2 + 1. Let f(s) = -s + 6. Suppose 0 = 3*n - 2*n. Let b = 5 - n. Let q be f(b). What is w(q)?
1
Let k(s) be the third derivative of s**7/2520 - s**6/360 - s**5/30 + s**4/6 - s**2. Let d(p) be the second derivative of k(p). Determine d(3).
-1
Let u(j) = 3*j**2 + 8*j + 3. Let o(z) = z**2 + 3*z + 1. Let w(d) = -17*o(d) + 6*u(d). Let y be 3*(-3)/(-9) + 11. Let q be (-2*1)/((-6)/y). What is w(q)?
5
Let z = 5 + -14. Let b = -6 - z. Let q(s) = s - 2. Determine q(b).
1
Let h(c) = c - 3. Suppose -4*s + 0*b - 3*b = -27, -4*s + 5*b + 51 = 0. Give h(s).
6
Let t(w) = -w + 7. Let k be 0/((-2)/(2 - 3)). Calculate t(k).
7
Let p(c) = 18*c**2 - 2*c. Let g(y) = 54*y**2 - 7*y. Let w(f) = 2*g(f) - 7*p(f). Calculate w(1).
-18
Suppose 3*x = 7 - 1. Let l(z) = 3*z + 2*z**x - 2*z**2 + 3 - z**2. Suppose 0 = u - 5. Give l(u).
-7
Let a(w) = -w**3 + 2*w**2 - w. Let p(v) = -v + 3. Let y be p(2). Give a(y).
0
Let d be 4/(-6)*21/(-14). Let u(f) = 9*f. Give u(d).
9
Let j(v) = 2*v**2 - v**2 + 0*v - 2*v + 2. Let x be -2 + (32 - (-2 + 1)). Let u = 33 - 